2 divide 1451072?
True
Is 261800 a multiple of 7?
True
Is 1631259 a multiple of 27?
True
Is 13 a factor of 1315699?
False
Is 27 a factor of 264162?
False
Is 370031 a multiple of 117?
False
Is 8 a factor of 17021?
False
Is 1830114 a multiple of 117?
True
Is 25578 a multiple of 9?
True
Does 14 divide 125496?
True
Is 194700 a multiple of 218?
False
Is 28 a factor of 12236?
True
Is 28 a factor of 7035644?
True
Does 18 divide 17586?
True
Is 84 a factor of 82488?
True
Is 1017 a factor of 31625649?
True
Is 1705383 a multiple of 73?
False
Is 26 a factor of 28886?
True
Is 34672899 a multiple of 13?
False
Is 20904 a multiple of 529?
False
Is 6 a factor of 443148?
True
Does 34 divide 305184?
True
Is 208 a factor of 3048077?
False
Does 10 divide 2310?
True
Is 35921 a multiple of 17?
True
Does 1337 divide 8349565?
True
Is 37 a factor of 2628622?
False
Is 2569756 a multiple of 21?
False
Is 200506 a multiple of 29?
True
Is 15 a factor of 40816?
False
Does 24 divide 155928?
True
Is 83 a factor of 712638?
True
Does 73 divide 506693?
True
Does 373 divide 960178?
False
Is 107147 a multiple of 2?
False
Is 876101 even?
False
Is 65 a factor of 1123915?
True
Is 334960 a multiple of 80?
True
Is 441850 a multiple of 25?
True
Is 114 a factor of 112578?
False
Is 10342319 a multiple of 75?
False
Does 87 divide 2803920?
False
Is 1126454 a multiple of 34?
True
Is 11548 a multiple of 19?
False
Does 22 divide 275230?
False
Is 196533 a multiple of 27?
True
Is 2307636 a multiple of 414?
True
Does 133 divide 130833?
False
Is 68 a factor of 263972?
False
Is 19 a factor of 728961?
False
Is 2275530 a multiple of 79?
False
Does 35 divide 4856565?
True
Is 4 a factor of 431748?
True
Is 15 a factor of 134145?
True
Is 13 a factor of 813319?
True
Is 361772 a multiple of 22?
False
Is 4365120 a multiple of 96?
True
Is 5115045 a multiple of 17?
True
Is 36 a factor of 9243072?
True
Is 210550 a multiple of 5?
True
Is 3797392 a multiple of 17?
True
Is 302 a factor of 8042361?
False
Does 25 divide 4340828?
False
Is 818100 a multiple of 540?
True
Does 27 divide 45996?
False
Is 497309 a multiple of 54?
False
Is 72503 even?
False
Is 11 a factor of 20432?
False
Is 31 a factor of 115527?
False
Is 301 a factor of 2364934?
False
Is 275585 a multiple of 7?
False
Is 236 a factor of 213447?
False
Is 30 a factor of 282780?
True
Is 1470525 a multiple of 5?
True
Does 343 divide 1708826?
True
Is 52 a factor of 588380?
True
Is 675104 a multiple of 17?
True
Does 15 divide 3980?
False
Is 25 a factor of 5168900?
True
Is 1012548 a multiple of 19?
True
Is 8793240 a multiple of 15?
True
Does 255 divide 975375?
True
Is 6 a factor of 58254?
True
Is 828994 a multiple of 7?
False
Does 7 divide 5686681?
True
Is 31093 a multiple of 271?
False
Is 636 a factor of 227052?
True
Does 34 divide 2006952?
True
Is 23 a factor of 14766?
True
Is 2014980 a multiple of 5?
True
Does 46 divide 459466?
False
Does 11 divide 187569?
False
Is 24 a factor of 14304?
True
Does 2 divide 25328?
True
Is 6937132 a multiple of 86?
False
Is 231345 a multiple of 97?
True
Does 634 divide 111641?
False
Is 43 a factor of 3286834?
True
Does 277 divide 245645?
False
Is 603646 a multiple of 26?
False
Is 77613 a multiple of 238?
False
Is 6568536 a multiple of 111?
True
Does 21 divide 2224540?
False
Does 18 divide 827103?
False
Is 52 a factor of 70946?
False
Does 3 divide 15429?
True
Does 39 divide 30537?
True
Does 374 divide 27047?
False
Does 13 divide 210775?
False
Does 159 divide 92538?
True
Does 37 divide 403041?
True
Is 31 a factor of 5184378?
True
Is 2766047 a multiple of 1295?
False
Is 773364 a multiple of 17?
True
Is 171108 a multiple of 331?
False
Is 96 a factor of 54528?
True
Does 11 divide 333060?
False
Does 168 divide 141960?
True
Is 197 a factor of 201026?
False
Is 9253094 a multiple of 751?
False
Is 239994 a multiple of 6?
True
Is 26753 a multiple of 20?
False
Does 78 divide 36509?
False
Does 4 divide 12414?
False
Is 1847016 a multiple of 72?
True
Is 445015 a multiple of 82?
False
Is 6794458 a multiple of 64?
False
Does 19 divide 85607?
False
Is 412640 a multiple of 80?
True
Is 1676680 a multiple of 502?
True
Is 96 a factor of 146304?
True
Is 1554 a multiple of 21?
True
Is 15174060 a multiple of 20?
True
Does 74 divide 52909?
False
Is 197141 a multiple of 14?
False
Is 51 a factor of 15336261?
True
Is 74 a factor of 406953?
False
Is 46136 a multiple of 198?
False
Does 998 divide 1702588?
True
Does 84 divide 22508?
False
Does 87 divide 26187?
True
Is 102 a factor of 1115133?
False
Does 50 divide 921550?
True
Is 6 a factor of 118308?
True
Is 12 a factor of 50907?
False
Is 821766 a multiple of 8?
False
Is 11 a factor of 13152?
False
Does 2 divide 30090?
True
Is 6918 a multiple of 55?
False
Does 1674 divide 4114692?
True
Does 107 divide 427485?
False
Does 32 divide 457523?
False
Does 12 divide 113292?
True
Does 8 divide 13266368?
True
Does 25 divide 95075?
True
Is 9 a factor of 114507?
True
Is 32025 a multiple of 15?
True
Is 23 a factor of 2843030?
True
Does 166 divide 617501?
False
Does 89 divide 132903?
False
Does 8 divide 2137432?
True
Does 224 divide 12320?
True
Is 2 a factor of 20466?
True
Does 19 divide 18832097?
True
Is 152 a factor of 217208?
True
Is 44 a factor of 12822260?
True
Is 129533 a multiple of 324?
False
Is 8061443 a multiple of 120?
False
Is 4250981 a multiple of 499?
True
Does 17 divide 401251?
True
Is 25597600 a multiple of 350?
True
Is 206050 a multiple of 13?
True
Is 9915278 a multiple of 10?
False
Is 2013025 a multiple of 35?
True
Is 170979 a multiple of 38?
False
Is 12 a factor of 218604?
True
Does 180 divide 658260?
True
Is 231794 a multiple of 23?
True
Is 6 a factor of 332211?
False
Does 742 divide 2411836?
False
Does 34 divide 71801?
False
Does 13 divide 182475?
False
Is 3 a factor of 31999?
False
Is 10722381 a multiple of 1125?
False
Does 15 divide 9171285?
True
Is 9 a factor of 673109?
False
Does 5 divide 558544?
False
Is 167 a factor of 564293?
True
Is 12 a factor of 243444?
True
Is 289 a factor of 327437?
True
Is 3977322 a multiple of 183?
True
Is 22 a factor of 1784156?
True
Is 8 a factor of 6760?
True
Is 5 a factor of 67386?
False
Does 17 divide 7913075?
True
Does 425 divide 130093?
False
Does 18 divide 243648?
True
Is 142044 a multiple of 534?
True
Is 16 a factor of 14388635?
False
Does 8 divide 3072?
True
Is 72 a factor of 658041?
False
Is 201 a factor of 50001?
False
Is 747 a factor of 420050?
False
Is 12657479 a multiple of 1007?
False
Is 4 a factor of 4405284?
True
Does 7 divide 49889?
True
Is 2 a factor of 1211?
False
Is 14215404 a multiple of 456?
False
Does 145 divide 261870?
True
Is 27 a factor of 884439?
True
Is 258 a factor of 260586?
False
Is 186433 a multiple of 8?
False
Is 276659 a multiple of 7?
False
Does 136 divide 16728?
True
Does 221 divide 41119?
False
Is 257054 a multiple of 49?
True
Is 359 a factor of 347276?
False
Is 68 a factor of 219443?
False
Is 12 a factor of 2947248?
True
Is 1180992 a multiple of 13?
False
Does 71 divide 622620?
False
Is 2049495 a multiple of 55?
False
Is 32 a factor of 134560?
True
Is 390 a factor of 416346?
False
Does 21 divide 218400?
True
Is 11 a factor of 114112?
False
Is 212520 a multiple of 23?
True
Does 254 divide 121582?
False
Is 152 a factor of 665912?
True
Is 9972500 a multiple of 15?
False
Is 899 a factor of 988945?
False
Does 56 divide 167160?
True
Is 19 a factor of 170829?
True
Does 91 divide 3284190?
True
Does 6 divide 269208?
True
Is 32256 a multiple of 28?
True
Is 16 a factor of 495771?
False
Is 20 a factor of 64473?
False
Is 10 a factor of 7627519?
False
Is 10767900 a multiple of 2145?
True
Is 1935549 a multiple of 297?
True
Is 69 a factor of 283270?
False
Does 2 divide 101866?
True
Does 172 divide 5190616?
True
Is 3 a factor of 499103?
False
Is 92512 a multiple of 112?
True
Does 29 divide 1269011?
True
Is 186732 a multiple of 126?
True
Does 358 divide 633283?
False
Does 376 divide 1958229?
False
Is 124 a factor of 292004?
False
Is 253 a factor of 409002?
False
Does 52 divide 5238227?
False
Is 34 a factor of 54684?
False
Is 15322 even?
True
Is 3947592 a multiple of 28?
False
Does 32 divide 255328?
True
Is 450202 a multiple of 46?
True
Is 10 a factor of 327320?
True
Is 16 a factor of 302935?
False
Is 17 a factor of 16582857?
False
Is 19 a factor of